{"id":1090,"date":"2025-09-02T21:39:03","date_gmt":"2025-09-02T21:39:03","guid":{"rendered":"http:\/\/localhost\/wordpress\/?page_id=1090"},"modified":"2025-09-09T17:02:04","modified_gmt":"2025-09-09T17:02:04","slug":"asezare-geografica","status":"publish","type":"page","link":"https:\/\/primariagramesti.ro\/web2\/?page_id=1090","title":{"rendered":"A\u0219ezare geografic\u0103"},"content":{"rendered":"<p class=\"style2\" align=\"justify\">Comuna Gramesti este situata \u00een partea de est a judetului Suceava, \u00een zona de podis a judetului. Se \u00eenvecineaza cu judetul Botosani, fiind strabatura de D.J. 291A ( Zvor\u00eestea-Gramesti \u2013 oras Siret ). Fata de municipiul Suceava se afla la o distanta de 62 km, de orasul Siret la cca. 9 km iar fata de municipiul Radauti la cca. 35 km.Coordonatele geografice ale comunei Gramesti sunt : 47 \u00b0 75 &#8216; latitudine nordica si 26 \u00b0 40 &#8216; longitudine estica . Comuna Gramesti cuprinde o parte a podisului Dragomirnei. Masivul deluros Dragomirna este cea mai tipica parte a Podisului Sucevei prin toate caracterele geomorfologice proprii Podisului Moldovenesc : monoclin cu forme structurale(cueste si platforme), \u00eenaltime medie 450 m. Cota maxima este de 528 m. \u00een v\u00e2rful Teisoara.Podisul Dragomirna este cuprins \u00eentre culoarele vailor Suceava si Siret. Afluentii acestora \u00eel dreneaza. Podisul \u00eenclina spre sud-est \u00een panta usoara (sub 1 \u00b0 ).Altitudini semnificative pe teritoriul administrativ al comunei si \u00een vecinatati sunt cuprinse \u00eentre 397 m \u2013 satul Dealul Padureni(oras Siret), 504 m \u2013 Comuna Calafindesti si Dealul Malenchii \u2013 475 m iar pe malul Siretului \u2013 cca. 220-225 m.Din perspectiva pedologica, comuna Gramesti este situata \u00een zona temperata, subzona paduri. Tipurile de sol sunt podzo-luvice si brun-luvic(clasa cambisoluri) \u00een cadrul etajului fagului si de amestec si brun \u2013 roscat luvice si cenusii(clasa luvisoluri \/ argilluvisoluri) \u00een cadrul etajului stejarului.Din punct de vedere seismic, zona este \u00een perimetrul E \u2013 COMUNA Gramesti fiind situata, conform hartii tectonice, pe un fundament cristalin stravechi, afectat de cutari precambriene, acoperit cu o cuvertura sedimentara din cadrul placii tectonice est-europene. Ad\u00e2ncimea de \u00eenghet maxim este de 1,10 m.Relieful prezinta, din punct de vedere al conditionarilor de ordin tehnic, potential de construibilitate.Comuna Gramesti este situata, conform hartii climatice, \u00een limitele climei dealurilor si podisurilor ( 200 \u2013 800 m ), districtul nordic, din cadrul provinciei de cadrul provinciei de clima continentala. Clima comunei Gramesti este determinata de miscarea maselor de aer \u2013 principalele mase de aer sunt cele care vin dinspre vest, nord sau est. Masele de aer care vin dinspre vest \u00eesi pierd treptat din umezeala \u00een timpul escaladarii barierei Carpatilor Orientali, \u00eenc\u00e2t \u00een partea estica a judetului, implicit si \u00een zona comunei Gramesti, ajung mai uscate , clima suferind un proces de continentalizare. Aerul de origine nordica aduce ninsori, iarna si ploi reci, primavara si toamna. Din est sosesc influente climatice continentale cu secete vara, cu cer senin, geruri si viscole iarna.Caracterul de clima temperat continentala este evidentiat si de temperaturile medii lunare, temperaturile extreme sau amplitudinile termice. Pentru zona de podis temperatura minima \u00eenregistrata este de \u2013 32,5 \u00b0 C iar temperatura maxima +38,5 \u00b0 C, temperatura medie a lunii iulie este de 18 \u00b0 &#8211; 19 \u00b0 C. Temperaturile medii anuale care caracterizeaza climatul de podis sunt cuprinse \u00eentre 7 \u00b0 si 8 \u00b0 C.Comuna Gramesti se \u00eenscrie perfect \u00een acest context, temperatura medie anuala fiind de 7,3 \u00b0 C , maxima absoluta: +39,4 \u00b0 C \u2013 17.08.1952, minima absoluta: &#8211; 31 \u00b0 C \u2013 20.02.1954. .V\u00e2nturile dominante si cu frecventa cea mai mare sunt pe directia NV \u2013 SE. Cantitatea precipitatiilor scade de la vest la est, \u00een sensul diminuarii altitudinii reliefului la nivelul judetului.Comunei Gramesti \u00eei sunt caracteristice valori ale precipitatiilor cuprinse \u00eentre 600 si 700 l\/m.p.\/an.R\u00e2ul Siret este principala este principala artera hidrografica din zona. Delimiteaza teritorial judetul Suceava si comuna Gramesti de judetul Botosani pe o lungime de circa 27 km si are ca afluenti pe partea dreapta a cursului : P\u00e2r\u00e2ul Mare, Verehia. O resursa hidrografica importanta pentru comuna o reprezinta amenajarea pe r\u00e2ul Siret a lacului de acumulare \u201eRogojesti \u201e al carui mal are vecinatate cu comuna pe o lungime de circa 4 km. Flora, conform hartii vegetatiei, este cea specifica subzonei padurilor de fag si de stejar. Padurea Balinesti \u2013 Verbia Tacu, dispusa pe terenuri cu \u00eenaltimi variate ( \u00eentre 300 \u2013 400 de metri), este formata din specii de fag, carpen, stejar, mesteacan, artar, tei, ciresi salbatici. \u00cen luminisuri sunt prezenti arbustii : alun, paducel, s\u00e2nger, calin, etc .Fauna este cea specifica zonei podisului Sucevei si este reprezentata de mistreti, iepuri, vulpi, caprioare .\u00cent\u00e2lnim, de asemenea si numeroase specii de pasari ( barza, r\u00e2ndunica, gaita, cotofana, cucul, mierla, privighetoarea, bufnita, rata salbatica, uliul, etc ) , reptile si amfibieni ( sop\u00e2rla de padure, gusterul, brotacul, buhaiul de balta, etc).Apele Siretului constituie mediul de viata al unui numar de specii reprezentative de pesti : scobarul, cleanul, crapul, mreana, carasul, bibanul, stiuca iar \u00een zona amenajarii hidrotehnice \u201eRogojesti\u201d \u00eent\u00e2lnim rate salbatice, pescarusi s.a. Comuna Gramesti are o serie de caracteristici comune satelor din zona de podis. Acestea au un ordin de marime de circa 1000 \u2013 1500 de locuitori \u2013 comuna Gramesti av\u00e2nd peste 3124 de locuitori. Din punct de vedere al tipologiei sunt sate rasfirate.<\/p>\n<p class=\"style2\" align=\"center\">Comuna Gramesti are urmatorii vecini :<\/p>\n<p class=\"style2\" align=\"justify\">\u2022\u00a0 judetul Botosani ( comuna Mihaileni), peste r\u00e2ul Siret ( NE ) ;<\/p>\n<p class=\"style2\" align=\"justify\">\u2022\u00a0 comuna Zamostea ( SE ) ;<\/p>\n<p class=\"style2\" align=\"justify\">\u2022\u00a0 comuna Calafindesti ( S ) ;<\/p>\n<p class=\"style2\" align=\"justify\">\u2022\u00a0 comuna Balcauti ( V ) ;<\/p>\n<p class=\"style2\" align=\"justify\">\u2022\u00a0 oras Siret ( NV ) .<\/p>\n<p class=\"style2\" align=\"justify\">Fata de municipiul Suceava se afla la o distanta de cca. 60 km, de orasul Siret la cca. 9 km, iar fata de municipiul Radauti la cca. 35 km.Comuna Gramesti are \u00een componenta cinci sate : Gramesti, Balinesti, Botosenita \u2013 Mica,Rudesti, Verbia si se \u00eentinde pe o suprafata de 3727 ha numar\u00e2nd 3124 de locuitori la recensam\u00e2ntul din anul 2002 .Profilul major al comunei este cel agricol. Suprafata totala a comunei de 3727 ha, este ocupata \u00een cea mai mare parte de suprafete agricole \u2013 70,2%, din paduri si alte terenuri cu vegetatie forestiera \u2013 12,6% si de alte suprafete reprezent\u00e2nd 17,2%.\u00cen raport cu structura suprafetei agricole si a solurilor , predomina culturile de gr\u00e2u, secara, orz, ovaz, porumb, cartofi, sfecla, perene vechi si noi pentru f\u00e2n, etc. Din perspectiva potentialului economic, stadiul actual al dezvoltarii urbanistice al comunei Gramesti este relevat prin analiza critica si prezentarea parametrilor caracteristici specifici activitatilor agricole, industriale si de constructii, transporturilor si comunicatiilor, turismului, unitatilor din domeniul public al serviciilor. Productia agricola este str\u00e2ns legata de conditiile de clima si relief specifice.. La nivelul judetului Suceava, agricultura constituie unul din sectoarele de baza ale economiei judetului, at\u00e2t ca productie, c\u00e2t si ca pondere a populatiei active. Situatia, \u00een ansamblu, care se \u00eenregistreaza la nivelul judetului se regaseste, pastr\u00e2nd proportiile , si la nivelul comunei Gramesti.<\/p>\n<p class=\"style2\" align=\"justify\">Suprafata agricola se \u00eentinde pe 2696 ha, reprezent\u00e2nd 70,2 % din suprafata totala a comunei, din care 58,4% sunt suprafete arabile, restul fiind suprafete ocupate de pasuni 8,2%, f\u00e2nete 2,8% si livezi 0,8%.Productia animaliera este determinata \u00een mare masura de baza furajera, cresterea animalelor depinz\u00e2nd direct de pasunile si f\u00e2netele naturale, acestora adaug\u00e2ndu-se nutreturile cultivate. Comuna Gramesti este situata \u00een cadrul pajistilor de dealuri \u2013 etaj care se caracterizeaza prin productii mai reduse fata de etajul alpin datorita degradarilor prin suprapasunat sau eroziune, \u00eensa acestea prezinta avantajul ca nu impun deplasari pe distante mari fiind situate \u00een apropierea satelor.Se constata o scadere a afectivelor de ovine si bovine si o crestere la efectivele de pasari si porcine. La nivelul judetului Suceava a avut loc o scadere a productiei cu aproape 50% \u00eensotita de o crestere a numarului de someri, de \u00eenchiderea unor unitati, etc. Cauzele acestui declin sunt conjuctura nefavorabila, at\u00e2t pe plan intern, c\u00e2t si extern, instalata imediat dupa anul 1989. Aceasta a determinat pierderea unor piete de desfacere, accentuarea concurentei prin penetrarea produselor de import \u00een pietele traditionale, inclusiv \u00een Rom\u00e2nia, \u00eenlocuirea sistemului de productie-desfacere centralizat cu mecanismele economiei de piata, etc.La nivelul comunei Gramesti, din analiza structurii populatiei active pe ramuri ale economiei, rezulta ca cea mai mare parte a populatiei active a fost \u00eenregistrata \u00een agricultura, iar din cei aproximativ 255 salariati , cei mai multi sunt \u00een sectorul bugetar ( administratie publica, \u00eenvatam\u00e2nt, sanatate, asistenta sociala, etc) cu o pondere de circa 65%, restul fiind \u00een comert, constructii, industria prelucratoare a laptelui, a lemnului, etc.Principala societate reprezentativa este S.C.\u201dTudia\u201dS.R.L. ce are ca domeniu de activitate colectarea si prelucrarea laptelui si produse de panificatie. Se mentioneaza faptul ca aceasta societate se implica \u00een modernizarea procesului de prelucrare a laptelui conform standardelor europene.Desi initiativele particulare de relansare a industriei locale si a activitatilor de constructii sunt la \u00eenceput de drum, ele pot constitui o alternativa viabila fiind capabile sa absoarba o parte din forta de munca, deja calificata, aflata \u00een somaj. Acestora li se adauga un numar important de persoane care lucrau \u00een industrie \u00een orasele Suceava, Radauti, Siret si care \u00een prezent \u00eengroasa numarul celor \u00een cautarea unui loc de munca. Se impune \u00een mod firesc sprijinirea unor programe de relansare a activitatilor industriale si de constructii av\u00e2ndu-se \u00een vedere existenta resurselor umane si tehnologice, pe de o parte si a celor materiale pe de alta parte. Comuna Gramesti este strabatura de D.J. 291 A ( Zvor\u00eestea \u2013 Zamostea \u2013 Siret ) si de D.C. 35 ( Gramesti \u2013 Gropeni \u2013 Balcauti \u2013 D.E. 85 ) \u2013 drum modernizat prin Programul SAPARD finantat de catre Uniunea Europeana .Cele mai utilizate mijloace de transport pentru sosirea \u00een comuna Gramesti sunt autoturismele proprii, vehicule cu tractiune animala si mijloacele de transport \u00een comun (autobuz).Transportul \u00een comun este asigurat prin existenta a doua linii de autobuz care efectueaza curse pe ruta\u00a0<em>Suceava \u2013 Gramesti\u00a0<\/em>si\u00a0<em>Radauti \u2013 Siret \u2013 Gramesti \u2013 Dorohoi.\u00a0<\/em>Turismul reprezinta una dintre activitatile economice care, \u00een ultimul timp, ocupa o pozitie privilegiata \u00een raport cu celelalte sectoare-cheie ale economiei, aceasta dator\u00e2ndu-se, printre altele, faptului ca investitiile sunt relativ reduse \u00een raport cu profiturile obtinute.<\/p>\n<p class=\"style2\" align=\"justify\">Comuna Gramesti dispune de un potential turistic \u2013 actualmente insuficient valorificat \u2013 care constituie premisa initierii de activitati specifice turismului si serviciilor de turism la nivelul comunei . Posibilitatile de turism \u00een zona sunt determinate de :<\/p>\n<p class=\"style2\" align=\"justify\">\u2022\u00a0 existenta unui monument istoric \u2013 Biserica \u201eSf. Nicolae\u201d din satul Balinesti, unul din cele mai interesante monumente ale arhitecturii medievale moldovenesti, ctitorie a logofatului Tautu, construita \u00eentre anii 1493 \u2013 1499 ;<\/p>\n<p class=\"style2\" align=\"justify\">\u2022\u00a0 exploatarea potentialului silvic, cinegetic si piscicol existent \u00een zona, prin dezvoltarea si \u00eentretinerea acestora si \u00eenfiintarea unei baze turistice \u00een zona acumularii hidrotehnice Rogojesti ;<\/p>\n<p class=\"style2\" align=\"justify\">\u2022\u00a0 apropierea de rezervatia naturala din comuna \u00eenvecinata ( Zamostea ) \u00een care se dezvolta \u00een conditii naturale laleaua pestrita ( planta protejata ) .<\/p>\n","protected":false},"excerpt":{"rendered":"<p>Comuna Gramesti este situata \u00een partea de est a judetului Suceava, \u00een zona de podis a judetului. Se \u00eenvecineaza cu [&hellip;]<\/p>\n","protected":false},"author":1,"featured_media":0,"parent":1087,"menu_order":0,"comment_status":"closed","ping_status":"closed","template":"","meta":{"pagelayer_contact_templates":[],"_pagelayer_content":"","site-sidebar-layout":"default","site-content-layout":"","ast-site-content-layout":"default","site-content-style":"default","site-sidebar-style":"default","ast-global-header-display":"","ast-banner-title-visibility":"","ast-main-header-display":"","ast-hfb-above-header-display":"","ast-hfb-below-header-display":"","ast-hfb-mobile-header-display":"","site-post-title":"","ast-breadcrumbs-content":"","ast-featured-img":"","footer-sml-layout":"","theme-transparent-header-meta":"default","adv-header-id-meta":"","stick-header-meta":"","header-above-stick-meta":"","header-main-stick-meta":"","header-below-stick-meta":"","astra-migrate-meta-layouts":"set","ast-page-background-enabled":"default","ast-page-background-meta":{"desktop":{"background-color":"var(--ast-global-color-5)","background-image":"","background-repeat":"repeat","background-position":"center center","background-size":"auto","background-attachment":"scroll","background-type":"","background-media":"","overlay-type":"","overlay-color":"","overlay-opacity":"","overlay-gradient":""},"tablet":{"background-color":"","background-image":"","background-repeat":"repeat","background-position":"center center","background-size":"auto","background-attachment":"scroll","background-type":"","background-media":"","overlay-type":"","overlay-color":"","overlay-opacity":"","overlay-gradient":""},"mobile":{"background-color":"","background-image":"","background-repeat":"repeat","background-position":"center center","background-size":"auto","background-attachment":"scroll","background-type":"","background-media":"","overlay-type":"","overlay-color":"","overlay-opacity":"","overlay-gradient":""}},"ast-content-background-meta":{"desktop":{"background-color":"var(--ast-global-color-4)","background-image":"","background-repeat":"repeat","background-position":"center center","background-size":"auto","background-attachment":"scroll","background-type":"","background-media":"","overlay-type":"","overlay-color":"","overlay-opacity":"","overlay-gradient":""},"tablet":{"background-color":"var(--ast-global-color-4)","background-image":"","background-repeat":"repeat","background-position":"center center","background-size":"auto","background-attachment":"scroll","background-type":"","background-media":"","overlay-type":"","overlay-color":"","overlay-opacity":"","overlay-gradient":""},"mobile":{"background-color":"var(--ast-global-color-4)","background-image":"","background-repeat":"repeat","background-position":"center center","background-size":"auto","background-attachment":"scroll","background-type":"","background-media":"","overlay-type":"","overlay-color":"","overlay-opacity":"","overlay-gradient":""}},"footnotes":""},"class_list":["post-1090","page","type-page","status-publish","hentry"],"_links":{"self":[{"href":"https:\/\/primariagramesti.ro\/web2\/index.php?rest_route=\/wp\/v2\/pages\/1090","targetHints":{"allow":["GET"]}}],"collection":[{"href":"https:\/\/primariagramesti.ro\/web2\/index.php?rest_route=\/wp\/v2\/pages"}],"about":[{"href":"https:\/\/primariagramesti.ro\/web2\/index.php?rest_route=\/wp\/v2\/types\/page"}],"author":[{"embeddable":true,"href":"https:\/\/primariagramesti.ro\/web2\/index.php?rest_route=\/wp\/v2\/users\/1"}],"replies":[{"embeddable":true,"href":"https:\/\/primariagramesti.ro\/web2\/index.php?rest_route=%2Fwp%2Fv2%2Fcomments&post=1090"}],"version-history":[{"count":6,"href":"https:\/\/primariagramesti.ro\/web2\/index.php?rest_route=\/wp\/v2\/pages\/1090\/revisions"}],"predecessor-version":[{"id":1556,"href":"https:\/\/primariagramesti.ro\/web2\/index.php?rest_route=\/wp\/v2\/pages\/1090\/revisions\/1556"}],"up":[{"embeddable":true,"href":"https:\/\/primariagramesti.ro\/web2\/index.php?rest_route=\/wp\/v2\/pages\/1087"}],"wp:attachment":[{"href":"https:\/\/primariagramesti.ro\/web2\/index.php?rest_route=%2Fwp%2Fv2%2Fmedia&parent=1090"}],"curies":[{"name":"wp","href":"https:\/\/api.w.org\/{rel}","templated":true}]}}